{"id":1146,"date":"2021-07-02T08:50:38","date_gmt":"2021-07-02T13:50:38","guid":{"rendered":"https:\/\/www.acueductoseirrigaciones.com\/?post_type=product&#038;p=1146"},"modified":"2021-07-02T08:58:21","modified_gmt":"2021-07-02T13:58:21","slug":"filtro-de-malla-electrico-con-mecanismo-de-succion-de-la-serie-g","status":"publish","type":"product","link":"https:\/\/www.acueductoseirrigaciones.com\/sistemas-de-riego\/producto\/filtro-de-malla-electrico-con-mecanismo-de-succion-de-la-serie-g\/","title":{"rendered":"Filtro de malla el\u00e9ctrico con mecanismo de succi\u00f3n de la serie G"},"content":{"rendered":"","protected":false},"excerpt":{"rendered":"<p><strong>Descripci\u00f3n:<\/strong><br \/>\nFiltros de l\u00ednea hidr\u00e1ulica autolimpiantes, para aplicaciones de jardines, c\u00e9sped y golf.<\/p>\n<p>El filtro de malla el\u00e9ctrico con mecanismo de succi\u00f3n hidr\u00e1ulica vertical de la serie G de Rain Bird proporciona agua filtrada de flujo medio rentable y sin preocupaciones para proteger todo tipo de<br \/>\ncomponentes del sistema de riego. Alimentado por la presi\u00f3n del agua de la l\u00ednea de servicio, el sistema de retrolavado del filtro produce un flujo inverso de agua concentrado de alta velocidad y bajo volumen para limpiar sistem\u00e1ticamente la malla de cualquier contaminante atrapado. Los modelos est\u00e1n disponibles como una<br \/>\nunidad de filtro solamente, o como un conjunto de filtro que incluye tuber\u00edas de derivaci\u00f3n y v\u00e1lvulas para una instalaci\u00f3n r\u00e1pida y f\u00e1cil en el sitio.<\/p>\n","protected":false},"featured_media":1147,"comment_status":"closed","ping_status":"closed","template":"","meta":[],"product_brand":[],"product_cat":[23,19],"product_tag":[],"class_list":{"0":"post-1146","1":"product","2":"type-product","3":"status-publish","4":"has-post-thumbnail","6":"product_cat-filtros-y-valvulas-reguladoras","7":"product_cat-sistemas-de-riego","9":"first","10":"instock","11":"shipping-taxable","12":"product-type-simple"},"yoast_head":"<!-- This site is optimized with the Yoast SEO plugin v26.8 - https:\/\/yoast.com\/product\/yoast-seo-wordpress\/ -->\n<title>Filtro de malla el\u00e9ctrico con mecanismo de succi\u00f3n de la serie G | Acueductos e Irrigaciones<\/title>\n<meta name=\"robots\" content=\"noindex, follow\" \/>\n<meta property=\"og:locale\" content=\"es_ES\" \/>\n<meta property=\"og:type\" content=\"article\" \/>\n<meta property=\"og:title\" content=\"Filtro de malla el\u00e9ctrico con mecanismo de succi\u00f3n de la serie G | Acueductos e Irrigaciones\" \/>\n<meta property=\"og:description\" content=\"Descripci\u00f3n: Filtros de l\u00ednea hidr\u00e1ulica autolimpiantes, para aplicaciones de jardines, c\u00e9sped y golf.  El filtro de malla el\u00e9ctrico con mecanismo de succi\u00f3n hidr\u00e1ulica vertical de la serie G de Rain Bird proporciona agua filtrada de flujo medio rentable y sin preocupaciones para proteger todo tipo de  componentes del sistema de riego. Alimentado por la presi\u00f3n del agua de la l\u00ednea de servicio, el sistema de retrolavado del filtro produce un flujo inverso de agua concentrado de alta velocidad y bajo volumen para limpiar sistem\u00e1ticamente la malla de cualquier contaminante atrapado. Los modelos est\u00e1n disponibles como una  unidad de filtro solamente, o como un conjunto de filtro que incluye tuber\u00edas de derivaci\u00f3n y v\u00e1lvulas para una instalaci\u00f3n r\u00e1pida y f\u00e1cil en el sitio.\" \/>\n<meta property=\"og:url\" content=\"https:\/\/www.acueductoseirrigaciones.com\/sistemas-de-riego\/producto\/filtro-de-malla-electrico-con-mecanismo-de-succion-de-la-serie-g\/\" \/>\n<meta property=\"og:site_name\" content=\"Acueductos e Irrigaciones\" \/>\n<meta property=\"article:publisher\" content=\"https:\/\/www.facebook.com\/Eirrigaciones\/\" \/>\n<meta property=\"article:modified_time\" content=\"2021-07-02T13:58:21+00:00\" \/>\n<meta property=\"og:image\" content=\"https:\/\/www.acueductoseirrigaciones.com\/sistemas-de-riego\/wp-content\/uploads\/2021\/07\/Filtro-de-malla-electrico-con-mecanismo-de-succion-de-la-serie-G.jpg\" \/>\n\t<meta property=\"og:image:width\" content=\"568\" \/>\n\t<meta property=\"og:image:height\" content=\"567\" \/>\n\t<meta property=\"og:image:type\" content=\"image\/jpeg\" \/>\n<meta name=\"twitter:card\" content=\"summary_large_image\" \/>\n<script type=\"application\/ld+json\" class=\"yoast-schema-graph\">{\"@context\":\"https:\/\/schema.org\",\"@graph\":[{\"@type\":\"WebPage\",\"@id\":\"https:\/\/www.acueductoseirrigaciones.com\/sistemas-de-riego\/producto\/filtro-de-malla-electrico-con-mecanismo-de-succion-de-la-serie-g\/\",\"url\":\"https:\/\/www.acueductoseirrigaciones.com\/sistemas-de-riego\/producto\/filtro-de-malla-electrico-con-mecanismo-de-succion-de-la-serie-g\/\",\"name\":\"Filtro de malla el\u00e9ctrico con mecanismo de succi\u00f3n de la serie G | Acueductos e Irrigaciones\",\"isPartOf\":{\"@id\":\"https:\/\/www.acueductoseirrigaciones.com\/sistemas-de-riego\/#website\"},\"primaryImageOfPage\":{\"@id\":\"https:\/\/www.acueductoseirrigaciones.com\/sistemas-de-riego\/producto\/filtro-de-malla-electrico-con-mecanismo-de-succion-de-la-serie-g\/#primaryimage\"},\"image\":{\"@id\":\"https:\/\/www.acueductoseirrigaciones.com\/sistemas-de-riego\/producto\/filtro-de-malla-electrico-con-mecanismo-de-succion-de-la-serie-g\/#primaryimage\"},\"thumbnailUrl\":\"https:\/\/www.acueductoseirrigaciones.com\/sistemas-de-riego\/wp-content\/uploads\/2021\/07\/Filtro-de-malla-electrico-con-mecanismo-de-succion-de-la-serie-G.jpg\",\"datePublished\":\"2021-07-02T13:50:38+00:00\",\"dateModified\":\"2021-07-02T13:58:21+00:00\",\"breadcrumb\":{\"@id\":\"https:\/\/www.acueductoseirrigaciones.com\/sistemas-de-riego\/producto\/filtro-de-malla-electrico-con-mecanismo-de-succion-de-la-serie-g\/#breadcrumb\"},\"inLanguage\":\"es\",\"potentialAction\":[{\"@type\":\"ReadAction\",\"target\":[\"https:\/\/www.acueductoseirrigaciones.com\/sistemas-de-riego\/producto\/filtro-de-malla-electrico-con-mecanismo-de-succion-de-la-serie-g\/\"]}]},{\"@type\":\"ImageObject\",\"inLanguage\":\"es\",\"@id\":\"https:\/\/www.acueductoseirrigaciones.com\/sistemas-de-riego\/producto\/filtro-de-malla-electrico-con-mecanismo-de-succion-de-la-serie-g\/#primaryimage\",\"url\":\"https:\/\/www.acueductoseirrigaciones.com\/sistemas-de-riego\/wp-content\/uploads\/2021\/07\/Filtro-de-malla-electrico-con-mecanismo-de-succion-de-la-serie-G.jpg\",\"contentUrl\":\"https:\/\/www.acueductoseirrigaciones.com\/sistemas-de-riego\/wp-content\/uploads\/2021\/07\/Filtro-de-malla-electrico-con-mecanismo-de-succion-de-la-serie-G.jpg\",\"width\":568,\"height\":567},{\"@type\":\"BreadcrumbList\",\"@id\":\"https:\/\/www.acueductoseirrigaciones.com\/sistemas-de-riego\/producto\/filtro-de-malla-electrico-con-mecanismo-de-succion-de-la-serie-g\/#breadcrumb\",\"itemListElement\":[{\"@type\":\"ListItem\",\"position\":1,\"name\":\"Portada\",\"item\":\"https:\/\/www.acueductoseirrigaciones.com\/sistemas-de-riego\/\"},{\"@type\":\"ListItem\",\"position\":2,\"name\":\"Tienda\",\"item\":\"https:\/\/www.acueductoseirrigaciones.com\/sistemas-de-riego\/tienda\/\"},{\"@type\":\"ListItem\",\"position\":3,\"name\":\"Filtro de malla el\u00e9ctrico con mecanismo de succi\u00f3n de la serie G\"}]},{\"@type\":\"WebSite\",\"@id\":\"https:\/\/www.acueductoseirrigaciones.com\/sistemas-de-riego\/#website\",\"url\":\"https:\/\/www.acueductoseirrigaciones.com\/sistemas-de-riego\/\",\"name\":\"acueductoseirrigaciones.com\",\"description\":\"Sistemas de Riego Medellin\",\"publisher\":{\"@id\":\"https:\/\/www.acueductoseirrigaciones.com\/sistemas-de-riego\/#organization\"},\"potentialAction\":[{\"@type\":\"SearchAction\",\"target\":{\"@type\":\"EntryPoint\",\"urlTemplate\":\"https:\/\/www.acueductoseirrigaciones.com\/sistemas-de-riego\/?s={search_term_string}\"},\"query-input\":{\"@type\":\"PropertyValueSpecification\",\"valueRequired\":true,\"valueName\":\"search_term_string\"}}],\"inLanguage\":\"es\"},{\"@type\":\"Organization\",\"@id\":\"https:\/\/www.acueductoseirrigaciones.com\/sistemas-de-riego\/#organization\",\"name\":\"Acueductos e irrigaciones\",\"url\":\"https:\/\/www.acueductoseirrigaciones.com\/sistemas-de-riego\/\",\"logo\":{\"@type\":\"ImageObject\",\"inLanguage\":\"es\",\"@id\":\"https:\/\/www.acueductoseirrigaciones.com\/sistemas-de-riego\/#\/schema\/logo\/image\/\",\"url\":\"https:\/\/www.acueductoseirrigaciones.com\/wp-content\/uploads\/2024\/11\/logo-Acueductos.png\",\"contentUrl\":\"https:\/\/www.acueductoseirrigaciones.com\/wp-content\/uploads\/2024\/11\/logo-Acueductos.png\",\"width\":600,\"height\":200,\"caption\":\"Acueductos e irrigaciones\"},\"image\":{\"@id\":\"https:\/\/www.acueductoseirrigaciones.com\/sistemas-de-riego\/#\/schema\/logo\/image\/\"},\"sameAs\":[\"https:\/\/www.facebook.com\/Eirrigaciones\/\"]}]}<\/script>\n<!-- \/ Yoast SEO plugin. -->","yoast_head_json":{"title":"Filtro de malla el\u00e9ctrico con mecanismo de succi\u00f3n de la serie G | Acueductos e Irrigaciones","robots":{"index":"noindex","follow":"follow"},"og_locale":"es_ES","og_type":"article","og_title":"Filtro de malla el\u00e9ctrico con mecanismo de succi\u00f3n de la serie G | Acueductos e Irrigaciones","og_description":"Descripci\u00f3n: Filtros de l\u00ednea hidr\u00e1ulica autolimpiantes, para aplicaciones de jardines, c\u00e9sped y golf.  El filtro de malla el\u00e9ctrico con mecanismo de succi\u00f3n hidr\u00e1ulica vertical de la serie G de Rain Bird proporciona agua filtrada de flujo medio rentable y sin preocupaciones para proteger todo tipo de  componentes del sistema de riego. Alimentado por la presi\u00f3n del agua de la l\u00ednea de servicio, el sistema de retrolavado del filtro produce un flujo inverso de agua concentrado de alta velocidad y bajo volumen para limpiar sistem\u00e1ticamente la malla de cualquier contaminante atrapado. Los modelos est\u00e1n disponibles como una  unidad de filtro solamente, o como un conjunto de filtro que incluye tuber\u00edas de derivaci\u00f3n y v\u00e1lvulas para una instalaci\u00f3n r\u00e1pida y f\u00e1cil en el sitio.","og_url":"https:\/\/www.acueductoseirrigaciones.com\/sistemas-de-riego\/producto\/filtro-de-malla-electrico-con-mecanismo-de-succion-de-la-serie-g\/","og_site_name":"Acueductos e Irrigaciones","article_publisher":"https:\/\/www.facebook.com\/Eirrigaciones\/","article_modified_time":"2021-07-02T13:58:21+00:00","og_image":[{"width":568,"height":567,"url":"https:\/\/www.acueductoseirrigaciones.com\/sistemas-de-riego\/wp-content\/uploads\/2021\/07\/Filtro-de-malla-electrico-con-mecanismo-de-succion-de-la-serie-G.jpg","type":"image\/jpeg"}],"twitter_card":"summary_large_image","schema":{"@context":"https:\/\/schema.org","@graph":[{"@type":"WebPage","@id":"https:\/\/www.acueductoseirrigaciones.com\/sistemas-de-riego\/producto\/filtro-de-malla-electrico-con-mecanismo-de-succion-de-la-serie-g\/","url":"https:\/\/www.acueductoseirrigaciones.com\/sistemas-de-riego\/producto\/filtro-de-malla-electrico-con-mecanismo-de-succion-de-la-serie-g\/","name":"Filtro de malla el\u00e9ctrico con mecanismo de succi\u00f3n de la serie G | Acueductos e Irrigaciones","isPartOf":{"@id":"https:\/\/www.acueductoseirrigaciones.com\/sistemas-de-riego\/#website"},"primaryImageOfPage":{"@id":"https:\/\/www.acueductoseirrigaciones.com\/sistemas-de-riego\/producto\/filtro-de-malla-electrico-con-mecanismo-de-succion-de-la-serie-g\/#primaryimage"},"image":{"@id":"https:\/\/www.acueductoseirrigaciones.com\/sistemas-de-riego\/producto\/filtro-de-malla-electrico-con-mecanismo-de-succion-de-la-serie-g\/#primaryimage"},"thumbnailUrl":"https:\/\/www.acueductoseirrigaciones.com\/sistemas-de-riego\/wp-content\/uploads\/2021\/07\/Filtro-de-malla-electrico-con-mecanismo-de-succion-de-la-serie-G.jpg","datePublished":"2021-07-02T13:50:38+00:00","dateModified":"2021-07-02T13:58:21+00:00","breadcrumb":{"@id":"https:\/\/www.acueductoseirrigaciones.com\/sistemas-de-riego\/producto\/filtro-de-malla-electrico-con-mecanismo-de-succion-de-la-serie-g\/#breadcrumb"},"inLanguage":"es","potentialAction":[{"@type":"ReadAction","target":["https:\/\/www.acueductoseirrigaciones.com\/sistemas-de-riego\/producto\/filtro-de-malla-electrico-con-mecanismo-de-succion-de-la-serie-g\/"]}]},{"@type":"ImageObject","inLanguage":"es","@id":"https:\/\/www.acueductoseirrigaciones.com\/sistemas-de-riego\/producto\/filtro-de-malla-electrico-con-mecanismo-de-succion-de-la-serie-g\/#primaryimage","url":"https:\/\/www.acueductoseirrigaciones.com\/sistemas-de-riego\/wp-content\/uploads\/2021\/07\/Filtro-de-malla-electrico-con-mecanismo-de-succion-de-la-serie-G.jpg","contentUrl":"https:\/\/www.acueductoseirrigaciones.com\/sistemas-de-riego\/wp-content\/uploads\/2021\/07\/Filtro-de-malla-electrico-con-mecanismo-de-succion-de-la-serie-G.jpg","width":568,"height":567},{"@type":"BreadcrumbList","@id":"https:\/\/www.acueductoseirrigaciones.com\/sistemas-de-riego\/producto\/filtro-de-malla-electrico-con-mecanismo-de-succion-de-la-serie-g\/#breadcrumb","itemListElement":[{"@type":"ListItem","position":1,"name":"Portada","item":"https:\/\/www.acueductoseirrigaciones.com\/sistemas-de-riego\/"},{"@type":"ListItem","position":2,"name":"Tienda","item":"https:\/\/www.acueductoseirrigaciones.com\/sistemas-de-riego\/tienda\/"},{"@type":"ListItem","position":3,"name":"Filtro de malla el\u00e9ctrico con mecanismo de succi\u00f3n de la serie G"}]},{"@type":"WebSite","@id":"https:\/\/www.acueductoseirrigaciones.com\/sistemas-de-riego\/#website","url":"https:\/\/www.acueductoseirrigaciones.com\/sistemas-de-riego\/","name":"acueductoseirrigaciones.com","description":"Sistemas de Riego Medellin","publisher":{"@id":"https:\/\/www.acueductoseirrigaciones.com\/sistemas-de-riego\/#organization"},"potentialAction":[{"@type":"SearchAction","target":{"@type":"EntryPoint","urlTemplate":"https:\/\/www.acueductoseirrigaciones.com\/sistemas-de-riego\/?s={search_term_string}"},"query-input":{"@type":"PropertyValueSpecification","valueRequired":true,"valueName":"search_term_string"}}],"inLanguage":"es"},{"@type":"Organization","@id":"https:\/\/www.acueductoseirrigaciones.com\/sistemas-de-riego\/#organization","name":"Acueductos e irrigaciones","url":"https:\/\/www.acueductoseirrigaciones.com\/sistemas-de-riego\/","logo":{"@type":"ImageObject","inLanguage":"es","@id":"https:\/\/www.acueductoseirrigaciones.com\/sistemas-de-riego\/#\/schema\/logo\/image\/","url":"https:\/\/www.acueductoseirrigaciones.com\/wp-content\/uploads\/2024\/11\/logo-Acueductos.png","contentUrl":"https:\/\/www.acueductoseirrigaciones.com\/wp-content\/uploads\/2024\/11\/logo-Acueductos.png","width":600,"height":200,"caption":"Acueductos e irrigaciones"},"image":{"@id":"https:\/\/www.acueductoseirrigaciones.com\/sistemas-de-riego\/#\/schema\/logo\/image\/"},"sameAs":["https:\/\/www.facebook.com\/Eirrigaciones\/"]}]}},"_links":{"self":[{"href":"https:\/\/www.acueductoseirrigaciones.com\/sistemas-de-riego\/wp-json\/wp\/v2\/product\/1146","targetHints":{"allow":["GET"]}}],"collection":[{"href":"https:\/\/www.acueductoseirrigaciones.com\/sistemas-de-riego\/wp-json\/wp\/v2\/product"}],"about":[{"href":"https:\/\/www.acueductoseirrigaciones.com\/sistemas-de-riego\/wp-json\/wp\/v2\/types\/product"}],"replies":[{"embeddable":true,"href":"https:\/\/www.acueductoseirrigaciones.com\/sistemas-de-riego\/wp-json\/wp\/v2\/comments?post=1146"}],"wp:featuredmedia":[{"embeddable":true,"href":"https:\/\/www.acueductoseirrigaciones.com\/sistemas-de-riego\/wp-json\/wp\/v2\/media\/1147"}],"wp:attachment":[{"href":"https:\/\/www.acueductoseirrigaciones.com\/sistemas-de-riego\/wp-json\/wp\/v2\/media?parent=1146"}],"wp:term":[{"taxonomy":"product_brand","embeddable":true,"href":"https:\/\/www.acueductoseirrigaciones.com\/sistemas-de-riego\/wp-json\/wp\/v2\/product_brand?post=1146"},{"taxonomy":"product_cat","embeddable":true,"href":"https:\/\/www.acueductoseirrigaciones.com\/sistemas-de-riego\/wp-json\/wp\/v2\/product_cat?post=1146"},{"taxonomy":"product_tag","embeddable":true,"href":"https:\/\/www.acueductoseirrigaciones.com\/sistemas-de-riego\/wp-json\/wp\/v2\/product_tag?post=1146"}],"curies":[{"name":"wp","href":"https:\/\/api.w.org\/{rel}","templated":true}]}}